363 is divided by 227.
1
What is the remainder when 305 is divided by 15?
5
What is the remainder when 172 is divided by 68?
36
Calculate the remainder when 6601 is divided by 127.
124
Calculate the remainder when 190 is divided by 74.
42
Calculate the remainder when 33 is divided by 3.
0
What is the remainder when 332 is divided by 24?
20
What is the remainder when 198 is divided by 67?
64
Calculate the remainder when 507 is divided by 26.
13
Calculate the remainder when 7 is divided by 1.
0
What is the remainder when 523 is divided by 69?
40
What is the remainder when 352 is divided by 40?
32
Calculate the remainder when 8919 is divided by 6.
3
Calculate the remainder when 1382 is divided by 18.
14
Calculate the remainder when 237 is divided by 7.
6
Calculate the remainder when 688 is divided by 34.
8
Calculate the remainder when 28 is divided by 16.
12
What is the remainder when 2955 is divided by 1469?
17
What is the remainder when 135 is divided by 35?
30
What is the remainder when 2703 is divided by 336?
15
What is the remainder when 5333 is divided by 23?
20
What is the remainder when 178 is divided by 60?
58
What is the remainder when 97 is divided by 36?
25
Calculate the remainder when 5083 is divided by 41.
40
Calculate the remainder when 813 is divided by 394.
25
Calculate the remainder when 120 is divided by 11.
10
Calculate the remainder when 418 is divided by 10.
8
What is the remainder when 43 is divided by 36?
7
What is the remainder when 1745 is divided by 110?
95
Calculate the remainder when 1103 is divided by 16.
15
Calculate the remainder when 3537 is divided by 53.
39
What is the remainder when 65 is divided by 11?
10
What is the remainder when 1295 is divided by 189?
161
Calculate the remainder when 254 is divided by 97.
60
What is the remainder when 433 is divided by 18?
1
What is the remainder when 394 is divided by 79?
78
Calculate the remainder when 1268 is divided by 599.
70
What is the remainder when 1122 is divided by 550?
22
What is the remainder when 145 is divided by 126?
19
Calculate the remainder when 17 is divided by 6.
5
Calculate the remainder when 1999 is divided by 661.
16
What is the remainder when 5461 is divided by 84?
1
Calculate the remainder when 1126 is divided by 49.
48
What is the remainder when 376 is divided by 188?
0
What is the remainder when 190 is divided by 100?
90
What is the remainder when 125 is divided by 7?
6
Calculate the remainder when 325 is divided by 11.
6
Calculate the remainder when 747 is divided by 11.
10
Calculate the remainder when 81 is divided by 21.
18
Calculate the remainder when 20 is divided by 7.
6
Calculate the remainder when 547 is divided by 55.
52
What is the remainder when 962 is divided by 23?
19
What is the remainder when 982 is divided by 154?
58
What is the remainder when 311 is divided by 20?
11
Calculate the remainder when 569 is divided by 64.
57
Calculate the remainder when 965 is divided by 137.
6
What is the remainder when 234 is divided by 194?
40
Calculate the remainder when 20642 is divided by 25.
17
What is the remainder when 154 is divided by 48?
10
Calculate the remainder when 1197 is divided by 54.
9
What is the remainder when 458 is divided by 94?
82
What is the remainder when 786 is divided by 117?
84
What is the remainder when 145 is divided by 2?
1
What is the remainder when 34317 is divided by 130?
127
Calculate the remainder when 18 is divided by 1.
0
What is the remainder when 485 is divided by 49?
44
Calculate the remainder when 46 is divided by 27.
19
Calculate the remainder when 770 is divided by 9.
5
Calculate the remainder when 138 is divided by 18.
12
Calculate the remainder when 2279 is divided by 109.
99
Calculate the remainder when 4305 is divided by 4298.
7
Calculate the remainder when 10822 is divided by 264.
262
What is the remainder when 15 is divided by 7?
1
What is the remainder when 252 is divided by 75?
27
Calculate the remainder when 693 is divided by 19.
9
What is the remainder when 12764 is divided by 23?
22
Calculate the remainder when 735 is divided by 66.
9
What is the remainder when 821 is divided by 137?
136
Calculate the remainder when 88 is divided by 51.
37
Calculate the remainder when 7016 is divided by 58.
56
What is the remainder when 902 is divided by 97?
29
What is the remainder when 115 is divided by 14?
3
Calculate the remainder when 149 is divided by 101.
48
Calculate the remainder when 279 is divided by 94.
91
What is the remainder when 155 is divided by 42?
29
What is the remainder when 8193 is divided by 149?
147
What is the remainder when 183 is divided by 96?
87
Calculate the remainder when 3018 is divided by 112.
106
Calculate the remainder when 420 is divided by 47.
44
What is the remainder when 150 is divided by 100?
50
Calculate the remainder when 271 is divided by 78.
37
Calculate the remainder when 673 is divided by 85.
78
Calculate the remainder when 87 is divided by 4.
3
What is the remainder when 353 is divided by 62?
43
Calculate the remainder when 77008 is divided by 151.
149
What is the remainder when 179 is divided by 63?
53
Calculate the remainder when 1951 is divided by 8.
7
Calculate the remainder when 244 is divided by 75.
19
What is the remainder when 347 is divided by 91?
74
What is the remainder when 58 is divided by 22?
14
Calculate the remainder when 281 is divided by 6.
5
Calculate the remainder when 1532 is divided by 67.
58
What is the remainder when 391 is divided by 22?
17
Calculate the remainder when 3379 is divided by 24.
19
Calculate the remainder when 193 is divided by 19.
3
Calculate the remainder when 2499 is divided by 57.
48
What is the remainder when 734 is divided by 120?
14
Calculate the remainder when 2570 is divided by 326.
288
Calculate the remainder when 187 is divided by 39.
31
What is the remainder when 376 is divided by 95?
91
What is the remainder when 118 is divided by 41?
36
What is the remainder when 434 is divided by 184?
66
Calculate the remainder when 599 is divided by 121.
115
What is the remainder when 9118 is divided by 16?
14
Calculate the remainder when 1105 is divided by 158.
157
Calculate the remainder when 4710 is divided by 38.
36
What is the remainder when 50 is divided by 16?
2
What is the remainder when 2568 is divided by 40?
8
Calculate the remainder when 99 is divided by 17.
14
What is the remainder when 3177 is divided by 15?
12
What is the remainder when 96 is divided by 10?
6
Calculate the remainder when 178 is divided by 89.
0
Calculate the remainder when 297 is divided by 53.
32
Calculate the remainder when 1334 is divided by 641.
52
What is the remainder when 13394 is divided by 174?
170
What is the remainder when 30919 is divided by 10?
9
Calculate the remainder when 217 is divided by 76.
65
What is the remainder when 530 is divided by 133?
131
Calculate the remainder when 2793 is divided by 43.
41
What is the remainder when 1197 is divided by 16?
13
What is the remainder when 590 is divided by 60?
50
Calculate the remainder when 983 is divided by 352.
279
What is the remainder when 49 is divided by 25?
24
Calculate the remainder when 359 is divided by 17.
2
What is the remainder when 35 is divided by 29?
6
Calculate the remainder when 748 is divided by 125.
123
Calculate the remainder when 149 is divided by 83.
66
Calculate the remainder when 10601 is divided by 114.
113
Calculate the remainder when 31620 is divided by 134.
130
Calculate the remainder when 322 is divided by 25.
22
What is the remainder when 174 is divided by 77?
20
Calculate the remainder when 285 is divided by 48.
45
Calculate the remainder when 1013 is divided by 328.
29
Calculate the remainder when 1250 is divided by 22.
18
Calculate the remainder when 813 is divided by 102.
99
What is the remainder when 994 is divided by 423?
148
Calculate the remainder when 566 is divided by 71.
69
What is the remainder when 157 is divided by 108?
49
What is the remainder when 312 is divided by 79?
75
What is the remainder when 143 is divided by 47?
2
Calculate the remainder when 162 is divided by 59.
44
What is the remainder when 183 is divided by 56?
15
What is the remainder when 72 is divided by 19?
15
What is the remainder when 87 is divided by 30?
27
What is th